Suppose 4*h - w = -0*h. List the prime factors of h.
89
List the prime factors of (((-45)/(-6))/(-5))/(-4 - (-166481)/41622).
3, 991
Suppose 0 = 5*a + 3*c - 910, -2*c = -7*c. Suppose 406 = 7*d - a. Suppose y = 3*y - d. What are the prime factors of y?
2, 3, 7
Let d be (3 + (-17)/(-3))*-3. Let j = -22 - d. Suppose -s + 5*s = -4*a + 192, 172 = j*a - s. What are the prime factors of a?
2, 11
Suppose -56*w + 5*y = -60*w + 22543, -4*w = 2*y - 22522. List the prime factors of w.
17, 331
Let s(j) = -10*j + 1201. List the prime factors of s(32).
881
Let h = 81 + -79. Suppose -3*b = h*o - 703, 709 = 2*o - 0*b - 3*b. List the prime factors of -1 - (-7)/4 - o/(-4).
89
Let p(i) = -3*i - 12. Let s be p(-5). Suppose s*u = -2*b + 173, -4*u + 5*u = 3*b + 65. Let c = u + 16. List the prime factors of c.
3, 5
Suppose 0 = -5*c - 144 - 6. List the prime factors of (c/40)/(2/(-1232)*2).
3, 7, 11
Suppose -16*l + 5*l = -264. Let j = l - -831. List the prime factors of j.
3, 5, 19
Let u(j) = 128*j - 6. Let r be u(3). Suppose 3*b = 2*v + 1176, b - v = -5*v + r. Suppose -49*z + 54*z - b = 0. What are the prime factors of z?
2, 3, 13
Suppose -u = 2*a - 10557, 1878 - 1898 = -4*a. List the prime factors of u.
53, 199
Let j = -169 - -346. Let p = j - 115. Let n = p + 18. What are the prime factors of n?
2, 5
Suppose -13*b + 422 + 1346 = 0. Suppose -151*g + b*g + 14805 = 0. What are the prime factors of g?
3, 7, 47
Let n = -5888 - -10951. List the prime factors of n.
61, 83
List the prime factors of 15551 - (8 + (-72)/27*6).
15559
Suppose 0 = -5*q + 5*u - 10, 0*q + 3*q + 16 = 5*u. Suppose -q = 5*w - 8. Let v = 2 + w. List the prime factors of v.
3
Let g = -7219 + 11453. What are the prime factors of g?
2, 29, 73
Let n be -127 - (-10)/40*24. Let u = 2 - -74. Let k = u - n. List the prime factors of k.
197
Let n = -8 - -22. Suppose -8*g - n = -g. Let s(b) = 33*b**2 + 3. List the prime factors of s(g).
3, 5
Let i(n) = 3*n**2 + 55*n - 808. What are the prime factors of i(-74)?
2, 3, 5, 7, 11
Let i = -2832 + 1999. Let q = -443 - i. What are the prime factors of q?
2, 3, 5, 13
Suppose 0 = 3*p + 5*d - 22, -6*p - 3*d = -p - 26. Suppose b - 11 = -4*o, 5*b + 2*o - 38 = -o. What are the prime factors of (-246)/(1 + (p - b))?
3, 41
Let d be (-505356)/(-16) - (-15)/12. Suppose 1915 = 39*m - d. What are the prime factors of m?
859
Let g(m) = -3*m**3 - 9*m**2 - m - 5. Let w(b) = 7*b**3 + 19*b**2 + 2*b + 10. Let z(c) = 5*g(c) + 2*w(c). Let u = -29 - -22. What are the prime factors of z(u)?
2
What are the prime factors of 20869/((1/(-6))/((-9)/(-270)*-5))?
41, 509
Let p = -3368 + 7648. What are the prime factors of p?
2, 5, 107
Suppose 3*m + 2*p + 3*p - 41 = 0, 5*m - 5*p - 15 = 0. Suppose 5*w = m*h - 2*h + 640, -5*w - 4*h + 631 = 0. List the prime factors of w.
127
Let h be 5/(10/8) + 1. Suppose -4*o - 3*s = 10, 2*s - 7 = -o + 6*s. What are the prime factors of o*(3 - 368)/h?
73
Let l(n) = 5*n - 17. Let q be l(4). Suppose z - s - 1 - 7 = 0, -s = q*z - 4. Suppose 4*y - 12*d - 806 = -10*d, 0 = d + z. What are the prime factors of y?
2, 5
Let z = 52325 + -31424. List the prime factors of z.
3, 6967
Suppose -4*a = a + 3490. Let n = 354 - a. List the prime factors of n.
2, 263
Let x = -318 - 324. Let j = x + 1235. List the prime factors of j.
593
Let d be (1 - 2)*0 - (-39 - -36). Let j be 1/(-3) - 588/(-9). Suppose d*r - j - 175 = 0. List the prime factors of r.
2, 5
Let s be (3 + -1)/(4/8). Suppose 5*c + 7*h - 2752 = s*h, 4*c + 4*h = 2208. List the prime factors of c.
2, 137
Let b(h) be the first derivative of h**5/20 - h**4/12 + 3*h**3/2 + h**2 + 14. Let l(c) be the second derivative of b(c). List the prime factors of l(-4).
5, 13
Let c = 17 - 27. Let m be (c + 8)*3/(-2). Suppose m*k + 182 = f, -f + 4*f = 4*k + 566. What are the prime factors of f?
2, 97
Let q = 898 - 16. Suppose g + 3*d = q, 1231 + 3247 = 5*g - 2*d. What are the prime factors of ((-1)/(-2))/(((-15)/g)/(-5))?
149
Let r(z) = -z + 12. Let x(q) = -2*q + 18. Suppose 2*d = -a + 11, -4*a + a = d - 28. Let g be x(a). What are the prime factors of r(g)?
2, 3
Suppose -31794 = -33*u + 3899 + 4501. What are the prime factors of u?
2, 3, 7, 29
Let z = 83 - 70. Let k(c) = -3*c + 41. Let b be k(z). Suppose g = -4*p + 600, -g - 282 = -b*p + 24. List the prime factors of p.
151
Suppose -5*b - z = 516, -z - z - 512 = 5*b. Let m = 203 - b. List the prime factors of m.
307
Let s = 18156 + -2676. Suppose 5*g - 15*g + s = 0. What are the prime factors of g?
2, 3, 43
Let i = 35 + -11. Let r = -22 + i. Suppose r*z = -g + 13, 0 = -4*g + 3*z - z + 62. List the prime factors of g.
3, 5
Suppose 6*u - 18 = 6. Let q be ((-26)/(-4) - u)*-46. Let r = q + 193. List the prime factors of r.
2, 3, 13
Let n(a) = a**3 - 23*a**2 + 51*a - 43. Let t be n(21). Let i = t - 135. What are the prime factors of i?
11
Let n(w) = -2*w**2 + 43*w - 19. Let m(y) = -5 + 21*y + 3 - y**2 - 4 - 4. Let i(o) = 13*m(o) - 6*n(o). What are the prime factors of i(10)?
2, 17
List the prime factors of 112049/13 + (-15 - 2123/(-143)).
3, 13, 17
Let b(l) be the second derivative of 4*l**4/3 + l**3/3 - 5*l**2/2 + 8*l. List the prime factors of b(4).
7, 37
Suppose 0 = 3*w - i - 404, 0 = 4*i - 471 + 455. Let q(l) = l**3 + 7*l**2 + 2*l + 4. Let b be q(-5). Suppose b - w = -4*y. List the prime factors of y.
23
Let n = 179 + -333. Let j = n + 267. List the prime factors of j.
113
Let n(h) be the third derivative of -h**5/60 + h**4/4 + h**3/3 + 16*h**2. Let r be n(6). What are the prime factors of 0 - 1 - 1*(-158)/r?
2, 3, 13
Let v be 608 + 3 - 1*(-7 + 3). Suppose 0 = -26*j + 31*j - v. What are the prime factors of j?
3, 41
Suppose -3967 = -24*r + 21*r - c, 0 = 4*r - 4*c - 5268. List the prime factors of r.
1321
Let b = -206 + 268. Suppose -498 = -b*y + 59*y. List the prime factors of y.
2, 83
Let g(i) be the first derivative of -i**2 + 9*i + 3. Let k be g(4). List the prime factors of k/(((-12)/124)/(-3)).
31
Suppose -5*h + 131606 + 235602 = -6*b, 5*h = 3*b + 367214. List the prime factors of h.
2, 7, 43, 61
Let j = 56 - 53. Suppose 4*g + 12 = z, -z - 6 = -g + j*g. Suppose z = 2*s - 5*d - 184, 0*d - 5*d = s - 77. What are the prime factors of s?
3, 29
Let y(v) = -8*v - 1. Let m be y(0). List the prime factors of (m - 86/(-10)) + (-70)/(-175).
2
Let n(y) = 2*y**3 - 14*y**2 + 21*y + 21. Let q be n(15). Suppose 18*a - q = -1146. List the prime factors of a.
5, 31
Let x be (16/12)/((-22)/(-20493)). Suppose 0 = 87*c - 85*c - x. What are the prime factors of c?
3, 23
Let v(b) be the second derivative of b**4/6 - b**3 + 18*b**2 - 124*b. What are the prime factors of v(18)?
2, 3
Let b = 202 - 222. What are the prime factors of (-8)/b - (-2536)/10?
2, 127
Let m(k) = 26*k**2 - 181*k - 5. List the prime factors of m(19).
2, 2971
Suppose 0 = 4*p - p - 855. Let f = 30 + p. List the prime factors of f.
3, 5, 7
Suppose 0 = 8*w + 10 - 2. Let d(l) = -18*l**3 - l**2 + l. Let q be d(w). List the prime factors of (q/24)/((-3)/(-99)).
2, 11
Suppose -19*y = -25*y - 978. Let z = -40 - y. List the prime factors of z.
3, 41
Suppose -3208 = -23*k + 2312. Suppose -4*a = -p + k + 341, 0 = -5*p - a + 2821. List the prime factors of p.
5, 113
List the prime factors of ((-44)/110)/(22/(-1609905)).
3, 11, 887
Let x be 12/(-10)*10/(-4). Let m(q) = 89*q - 26. List the prime factors of m(x).
241
What are the prime factors of 1441587/63 + (-55)/(-33)?
2, 3, 1907
What are the prime factors of 32/(-24) - ((-1143730)/75 - 2/(-5))?
2, 953
Let l = 33 - 29. Suppose 16 = -l*n, 4*d + 3*n + 2 + 2 = 0. List the prime factors of -1 + 113 + (d + 1)*-1.
109
Let z(d) = d**3 + 2*d + 382. Let p be z(0). Let j = -290 + p. List the prime factors of j.
2, 23
Let p(a) = 9*a**2 - 11*a + 152. What are the prime factors of p(-28)?
2, 1879
Suppose -229 = -2*x - 3*x + 4*q, 0 = -4*x + 2*q + 182. Suppose -8*o - o = -x. Suppose o*n = 4*w + 847, 175 = 2*n - n + 2*w. What are the prime factors of n?
3, 19
Let a be 36/21 + 2/7. Suppose -a*n + 0*i = i - 668, n = 5*i + 345. What are the prime factors of n?
5, 67
Let d(w) = w**2 + 207. Let i be d(0). Let o = i - 1. Suppose 4*n = 6*n - o. What are the prime factors of n?
103
What are the prime factors of 21 - (-8)/((-80)/(-613290))?
2, 3, 5, 409
Let x = 26 - 59. Let c = -76 - x. Let t = 126 + c. List the prime 